3033
In base 5, what is 3001 + 3?
3004
In base 2, what is -101 + -11011011?
-11100000
In base 5, what is -2131242 - -3?
-2131234
In base 9, what is -3 + -363?
-366
In base 13, what is 2 - -33?
35
In base 3, what is -121 - 1020?
-1211
In base 10, what is 3 - 35?
-32
In base 12, what is 55a5 + 2?
55a7
In base 2, what is 10 - -10110101000?
10110101010
In base 3, what is -120 - 11?
-201
In base 3, what is 11 + -120?
-102
In base 9, what is 72 - -26?
108
In base 15, what is 318 + -5?
313
In base 6, what is 14523 - -5?
14532
In base 12, what is 6abb - -1?
6b00
In base 12, what is 13 + 91?
a4
In base 11, what is -1 - -266a?
2669
In base 14, what is 2c + -1a3?
-175
In base 4, what is -22 + -101?
-123
In base 13, what is -2a51 + 0?
-2a51
In base 10, what is 116 + 5?
121
In base 16, what is 1508 + -6?
1502
In base 12, what is -a82 - 3?
-a85
In base 12, what is 2 - -1b?
21
In base 15, what is 366 - -1?
367
In base 16, what is -4 + fc?
f8
In base 13, what is -7 + -27?
-31
In base 12, what is -1 + 17b2?
17b1
In base 4, what is 0 + -1103?
-1103
In base 5, what is -142 - -24?
-113
In base 5, what is 20 + -23?
-3
In base 6, what is -41 - -10?
-31
In base 8, what is 464 - -5?
471
In base 6, what is 5023 - -4?
5031
In base 16, what is 0 + 12a0?
12a0
In base 12, what is 15 - -319?
332
In base 15, what is 43a4 - -1?
43a5
In base 9, what is -3 - -1404?
1401
In base 13, what is a94 + 0?
a94
In base 2, what is -1001 + 1100?
11
In base 5, what is -104 - 313?
-422
In base 11, what is -2 + 3?
1
In base 5, what is -1121430 - -1?
-1121424
In base 2, what is 1101100011011 + 101?
1101100100000
In base 8, what is -464 - -1?
-463
In base 6, what is -14 - 3?
-21
In base 3, what is 1 + 21211?
21212
In base 5, what is -10 - 2414?
-2424
In base 12, what is -4 + -110?
-114
In base 5, what is 124 + 4?
133
In base 9, what is -5 + -4477?
-4483
In base 16, what is 0 + 2?
2
In base 12, what is -25 - 8?
-31
In base 6, what is -3 + -42054?
-42101
In base 2, what is -11011 - 110?
-100001
In base 15, what is -17a0 + -1?
-17a1
In base 12, what is 21 - 12?
b
In base 15, what is 10 + -582?
-572
In base 5, what is -40 + -221?
-311
In base 6, what is -5 + 55?
50
In base 12, what is 3 + -96a?
-967
In base 11, what is 193 + -6?
188
In base 5, what is 2 + -1242?
-1240
In base 16, what is 2e - 14?
1a
In base 16, what is 0 - -fa?
fa
In base 9, what is 4437 + -1?
4436
In base 4, what is 11 + -223320?
-223303
In base 16, what is -13 + 19?
6
In base 6, what is 555 - 0?
555
In base 5, what is -22 + 10?
-12
In base 12, what is 0 + b8?
b8
In base 9, what is -3 - -356?
353
In base 7, what is 0 + 210?
210
In base 5, what is 111 + -331?
-220
In base 3, what is -221220 - 10?
-222000
In base 4, what is 10 + 13331?
20001
In base 2, what is 0 - 1001?
-1001
In base 16, what is 4 + 1b4?
1b8
In base 16, what is 4 - bb?
-b7
In base 3, what is -12 + -102?
-121
In base 13, what is 5 - 89?
-84
In base 4, what is 202 + 2311?
3113
In base 14, what is 3 + -48?
-45
In base 4, what is 21 + -222333?
-222312
In base 5, what is 23 + -221?
-143
In base 15, what is 2 + 16?
18
In base 10, what is 27 + 8?
35
In base 9, what is 274 + -4?
270
In base 5, what is -3110 + 10?
-3100
In base 11, what is 4 + -73?
-6a
In base 3, what is -122 + 10101?
2202
In base 11, what is 5 + -89?
-84
In base 7, what is 15353 - 5?
15345
In base 6, what is -2 - -401?
355
In base 3, what is -1 + 121200?
121122
In base 7, what is 4013 - 11?
4002
In base 8, what is 2 + -446?
-444
In base 5, what is -140 - -102?
-33
In base 2, what is 10 - 111100111011?
-111100111001
In base 5, what is 10 + -140?
-130
In base 13, what is 5c - -c7?
156
In base 15, what is -6 + -62?
-68
In base 8, what is 3 + -45?
-42
In base 3, what is -201 - -10120?
2212
In base 10, what is -10 - 11?
-21
In base 12, what is -4084 + 4?
-4080
In base 5, what is -411 + -30?
-441
In base 16, what is 5 - 172?
-16d
In base 7, what is 1 + -136?
-135
In base 14, what is -b + -50?
-5b
In base 15, what is e + 6a8?
6b7
In base 15, what is -d + 2c1?
2b3
In base 9, what is 3 + 14?
17
In base 16, what is 197 - -5?
19c
In base 2, what is -1 + -110011110010?
-110011110011
In base 5, what is 2 + -1231?
-1224
In base 7, what is -4 + -53?
-60
In base 15, what is 101 - 1?
100
In base 11, what is 609 - 4?
605
In base 8, what is 26 - -34?
62
In base 7, what is 1621 - -5?
1626
In base 2, what is 10110 - -101111110?
110010100
In base 6, what is 51350 + 1?
51351
In base 9, what is 30 - 27?
2
In base 6, what is 542 - -102?
1044
In base 4, what is 0 + -100100?
-100100
In base 5, what is 104 + 3?
112
In base 11, what is -1 + -1243?
-1244
In base 5, what is 2130 + -4?
2121
In base 15, what is 16d - -1?
16e
In base 3, what is 12 - 111?
-22
In base 15, what is -1a5 + 19?
-18b
In base 16, what is -8b - 1?
-8c
In base 5, what is 20 + 403?
423
In base 14, what is 3 + -10a7?
-10a4
In base 3, what is -1 + -1010?
-1011
In base 11, what is -50 - -1a?
-31
In base 3, what is 100120 - 11?
100102
In base 12, what is 4a48 - -4?
4a50
In base 10, what is -298 + -14?
-312
In base 9, what is 5 - -427?
433
In base 6, what is 4 - 12034?
-12030
In base 12, what is -3 - 12?
-15
In base 8, what is 7 + 61?
70
In base 12, what is 5 + 852?
857
In base 2, what is 110 + -1111110?
-1111000
In base 5, what is -14242 - 0?
-14242
In base 13, what is 77 - -47?
c1
In base 10, what is 4 + -1528?
-1524
In base 3, what is 22 - -12?
111
In base 7, what is -2503 + -3?
-2506
In base 4, what is 302 + -12?
230
In base 11, what is 3a14 + -4?
3a10
In base 11, what is -1 - 3a?
-40
In base 3, what is -102 + 22202?
22100
In base 16, what is 46 + 3?
49
In base 5, what is -243312 - 4?
-243321
In base 10, what is 6 - 20?
-14
In base 2, what is 111101110 - 10100?
111011010
In base 3, what is -112 - -21201?
21012
In base 16, what is 1a - -7?
21
In base 5, what is -20400 - 1?
-20401
In base 3, what is -101102 - -222?
-100110
In base 10, what is -5 + 172?
167
In base 3, what is -12 + 110?
21
In base 10, what is 78 - -10?
88
In base 15, what is 272 + -5?
26c
In base 9, what is 205 - 3?
202
In base 12, what is -8 - 12?
-1a
In base 11, what is 0 + 0?
0
In base 6, what is -4 - -351?
343
In base 12, what is -420 + 2?
-41a
In base 9, what is 253 + -117?
135
In base 7, what is 0 + -1666?
-1666
In base 14, what is -1b - 1d4?
-211
In base 2, what is -1001101 - -1010001?
100
In base 16, what is -5 + -a10?
-a15
In base 6, what is 2 + 234?
240
In base 16, what is 0 - 349?
-349
In base 12, what is 1 - -a1?
a2
In base 13, what is -33 + 5?
-2b
In base 6, what is -303 + 1?
-302
In base 4, what is 10 + 111230?
111300
In base 9, what is 2 - -23?
25
In base 10, what is -7646 - -5?
-7641
In base 9, what is -23 + 320?
286
In base 8, what is 704 + 1?
705
In base 8, what is -4 + 36?
32
In base 4, what is -1013 - -10?
-1003
In base 6, what is -10 + -202?
-212
In base 12, what is -16 - -15?
-1
In base 13, what is 13 + 35?
48
In base 9, what is -30 + 4?
-25
In base 13, what is 35 - 2?
33
In base 3, what is 1210 - 102111?
-100201
In base 2, what is -111 + -111000?
-111111
In base 12, what is 9 - -14?
21
In base 15, what is -d + 3?
-a
In base 7, what is 104 + -104?
0
In base 10, what is 63 - 4?
59
In base 12, what is b - 19?
-a
In base 2, what is 11110001010 - 100?
11110000110
In base 7, what is -54 - 504?
-561
In base 5, what is -40 + 10?
-30
In base 16, what is -5 + 702?
6fd
In base 6, what is -155 + -242?
-441
In base 7, what is 66 - -3?
102
In base 16, what is 6 - -24?
2a
In base 5, what is -1 + 212?
211
In base 7, what is 2543 - 1?
2542
In base 9, what is -160 + -1?
-161
In base 15, what is -4 - 339?
-33d
In base 2, what is 1010111 + -11011000?
-10000001
In base 11, what is 5 + 5a?
64
In base 13, what is -3b - -9?
-32
In base 5, what is 311 - -2222?
3033
In base 15, what is 8 + 1a?
23
In base 6, what is -311 + -40?
-351
In base 14, what is -1a2 + 12?
-190
In base 3, what is -11 - -2002202?
2002121
In base 3, what is 101210120 + -12?
101210101
In base 16, what is -2 + 187?
185
In base 7, what is -22125 - -1?
-22124
In base 9, what is 3 + -33?
-30
In base 12, what is -1 + -42?
-43
In base 7, what is 15 - 0?
15
In base 11, what is 88 - 100?
-23
In base 6, what is -1012 - -13?
-555
In base 3, what is 201 + 1011011?
1011212
In base 6, what is -2 - 315?
-321
In base 2, what is 1111 + 1?
10000
In